{"id":6958,"date":"2023-02-08T16:13:40","date_gmt":"2023-02-08T16:13:40","guid":{"rendered":"https:\/\/castelodesaojorge.pt\/agenda\/discovering-castelo-de-sao-jorge-3\/"},"modified":"2023-02-08T16:16:57","modified_gmt":"2023-02-08T16:16:57","slug":"discovering-castelo-de-sao-jorge-3","status":"publish","type":"mec-events","link":"https:\/\/castelodesaojorge.pt\/en\/agenda\/discovering-castelo-de-sao-jorge-3\/","title":{"rendered":"Discovering Castelo de S\u00e3o Jorge"},"content":{"rendered":"<p>Castelo de S\u00e3o Jorge, standing out in the urban landscape of Lisbon, is where we gather stories of a distant past that document the evolution of the city up to the present day. Throughout this guided tour we talk about several centuries of history and walk through the different spaces of the national monument. Get to know the Castle by decoding its spaces and relating them with life in antiquity.<\/p>\n<p><strong>Guided tour<\/strong><br \/>\n<strong>March 24th \u2013 National Students Day \u2013 Friday<\/strong><br \/>\n10.30 am, 2.30 pm | Age 12+ | Length 1h<br \/>\n+ \u20ac3,5 per person<\/p>\n<p><strong>Booking required<\/strong><br \/>\nservicoeducativo@castelodesaojorge.pt (Monday to Friday 9.30 am to 5.30 pm)<br \/>\n+351 218 800 620 (every day)<\/p>\n","protected":false},"excerpt":{"rendered":"<p>Castelo de S\u00e3o Jorge, standing out in the urban landscape of Lisbon, is where we gather stories of a distant past that document the evolution of the city up to the present day. Throughout this guided tour we talk about several centuries of history and walk through the different spaces of the national monument. Get [&hellip;]<\/p>\n","protected":false},"author":2,"featured_media":6951,"comment_status":"open","ping_status":"closed","template":"","tags":[],"mec_category":[],"class_list":["post-6958","mec-events","type-mec-events","status-publish","has-post-thumbnail","hentry"],"acf":[],"yoast_head":"<!-- This site is optimized with the Yoast SEO plugin v27.5 - https:\/\/yoast.com\/product\/yoast-seo-wordpress\/ -->\n<title>Discovering Castelo de S\u00e3o Jorge - Castelo de S\u00e3o Jorge<\/title>\n<meta name=\"robots\" content=\"index, follow, max-snippet:-1, max-image-preview:large, max-video-preview:-1\" \/>\n<link rel=\"canonical\" href=\"https:\/\/castelodesaojorge.pt\/en\/agenda\/discovering-castelo-de-sao-jorge-3\/\" \/>\n<meta property=\"og:locale\" content=\"en_US\" \/>\n<meta property=\"og:type\" content=\"article\" \/>\n<meta property=\"og:title\" content=\"Discovering Castelo de S\u00e3o Jorge - Castelo de S\u00e3o Jorge\" \/>\n<meta property=\"og:description\" content=\"Castelo de S\u00e3o Jorge, standing out in the urban landscape of Lisbon, is where we gather stories of a distant past that document the evolution of the city up to the present day. Throughout this guided tour we talk about several centuries of history and walk through the different spaces of the national monument. Get [&hellip;]\" \/>\n<meta property=\"og:url\" content=\"https:\/\/castelodesaojorge.pt\/en\/agenda\/discovering-castelo-de-sao-jorge-3\/\" \/>\n<meta property=\"og:site_name\" content=\"Castelo de S\u00e3o Jorge\" \/>\n<meta property=\"article:publisher\" content=\"https:\/\/www.facebook.com\/castelodesaojorge\" \/>\n<meta property=\"article:modified_time\" content=\"2023-02-08T16:16:57+00:00\" \/>\n<meta property=\"og:image\" content=\"https:\/\/castelodesaojorge.pt\/wp-content\/uploads\/2023\/02\/Dia-nacional-do-Estudante\u00a9Sergiy-Scheblykin.jpg\" \/>\n\t<meta property=\"og:image:width\" content=\"800\" \/>\n\t<meta property=\"og:image:height\" content=\"600\" \/>\n\t<meta property=\"og:image:type\" content=\"image\/jpeg\" \/>\n<meta name=\"twitter:card\" content=\"summary_large_image\" \/>\n<script type=\"application\/ld+json\" class=\"yoast-schema-graph\">{\"@context\":\"https:\\\/\\\/schema.org\",\"@graph\":[{\"@type\":\"WebPage\",\"@id\":\"https:\\\/\\\/castelodesaojorge.pt\\\/en\\\/agenda\\\/discovering-castelo-de-sao-jorge-3\\\/\",\"url\":\"https:\\\/\\\/castelodesaojorge.pt\\\/en\\\/agenda\\\/discovering-castelo-de-sao-jorge-3\\\/\",\"name\":\"Discovering Castelo de S\u00e3o Jorge - Castelo de S\u00e3o Jorge\",\"isPartOf\":{\"@id\":\"https:\\\/\\\/castelodesaojorge.pt\\\/#website\"},\"primaryImageOfPage\":{\"@id\":\"https:\\\/\\\/castelodesaojorge.pt\\\/en\\\/agenda\\\/discovering-castelo-de-sao-jorge-3\\\/#primaryimage\"},\"image\":{\"@id\":\"https:\\\/\\\/castelodesaojorge.pt\\\/en\\\/agenda\\\/discovering-castelo-de-sao-jorge-3\\\/#primaryimage\"},\"thumbnailUrl\":\"https:\\\/\\\/castelodesaojorge.pt\\\/wp-content\\\/uploads\\\/2023\\\/02\\\/Dia-nacional-do-Estudante\u00a9Sergiy-Scheblykin.jpg\",\"datePublished\":\"2023-02-08T16:13:40+00:00\",\"dateModified\":\"2023-02-08T16:16:57+00:00\",\"breadcrumb\":{\"@id\":\"https:\\\/\\\/castelodesaojorge.pt\\\/en\\\/agenda\\\/discovering-castelo-de-sao-jorge-3\\\/#breadcrumb\"},\"inLanguage\":\"en-US\",\"potentialAction\":[{\"@type\":\"ReadAction\",\"target\":[\"https:\\\/\\\/castelodesaojorge.pt\\\/en\\\/agenda\\\/discovering-castelo-de-sao-jorge-3\\\/\"]}]},{\"@type\":\"ImageObject\",\"inLanguage\":\"en-US\",\"@id\":\"https:\\\/\\\/castelodesaojorge.pt\\\/en\\\/agenda\\\/discovering-castelo-de-sao-jorge-3\\\/#primaryimage\",\"url\":\"https:\\\/\\\/castelodesaojorge.pt\\\/wp-content\\\/uploads\\\/2023\\\/02\\\/Dia-nacional-do-Estudante\u00a9Sergiy-Scheblykin.jpg\",\"contentUrl\":\"https:\\\/\\\/castelodesaojorge.pt\\\/wp-content\\\/uploads\\\/2023\\\/02\\\/Dia-nacional-do-Estudante\u00a9Sergiy-Scheblykin.jpg\",\"width\":800,\"height\":600,\"caption\":\"Descri\u00e7\u00e3o da imagem:\"},{\"@type\":\"BreadcrumbList\",\"@id\":\"https:\\\/\\\/castelodesaojorge.pt\\\/en\\\/agenda\\\/discovering-castelo-de-sao-jorge-3\\\/#breadcrumb\",\"itemListElement\":[{\"@type\":\"ListItem\",\"position\":1,\"name\":\"In\u00edcio\",\"item\":\"https:\\\/\\\/castelodesaojorge.pt\\\/\"},{\"@type\":\"ListItem\",\"position\":2,\"name\":\"Eventos\",\"item\":\"https:\\\/\\\/castelodesaojorge.pt\\\/agenda\\\/\"},{\"@type\":\"ListItem\",\"position\":3,\"name\":\"Discovering Castelo de S\u00e3o Jorge\"}]},{\"@type\":\"WebSite\",\"@id\":\"https:\\\/\\\/castelodesaojorge.pt\\\/#website\",\"url\":\"https:\\\/\\\/castelodesaojorge.pt\\\/\",\"name\":\"Castelo de S\u00e3o Jorge\",\"description\":\"\",\"publisher\":{\"@id\":\"https:\\\/\\\/castelodesaojorge.pt\\\/#organization\"},\"potentialAction\":[{\"@type\":\"SearchAction\",\"target\":{\"@type\":\"EntryPoint\",\"urlTemplate\":\"https:\\\/\\\/castelodesaojorge.pt\\\/?s={search_term_string}\"},\"query-input\":{\"@type\":\"PropertyValueSpecification\",\"valueRequired\":true,\"valueName\":\"search_term_string\"}}],\"inLanguage\":\"en-US\"},{\"@type\":\"Organization\",\"@id\":\"https:\\\/\\\/castelodesaojorge.pt\\\/#organization\",\"name\":\"Castelo de S\u00e3o Jorge\",\"url\":\"https:\\\/\\\/castelodesaojorge.pt\\\/\",\"logo\":{\"@type\":\"ImageObject\",\"inLanguage\":\"en-US\",\"@id\":\"https:\\\/\\\/castelodesaojorge.pt\\\/#\\\/schema\\\/logo\\\/image\\\/\",\"url\":\"https:\\\/\\\/castelodesaojorge.pt\\\/wp-content\\\/uploads\\\/2022\\\/07\\\/brancalogomarca_comp.png\",\"contentUrl\":\"https:\\\/\\\/castelodesaojorge.pt\\\/wp-content\\\/uploads\\\/2022\\\/07\\\/brancalogomarca_comp.png\",\"width\":295,\"height\":80,\"caption\":\"Castelo de S\u00e3o Jorge\"},\"image\":{\"@id\":\"https:\\\/\\\/castelodesaojorge.pt\\\/#\\\/schema\\\/logo\\\/image\\\/\"},\"sameAs\":[\"https:\\\/\\\/www.facebook.com\\\/castelodesaojorge\",\"https:\\\/\\\/www.instagram.com\\\/castelodesjorge\\\/\"]}]}<\/script>\n<!-- \/ Yoast SEO plugin. -->","yoast_head_json":{"title":"Discovering Castelo de S\u00e3o Jorge - Castelo de S\u00e3o Jorge","robots":{"index":"index","follow":"follow","max-snippet":"max-snippet:-1","max-image-preview":"max-image-preview:large","max-video-preview":"max-video-preview:-1"},"canonical":"https:\/\/castelodesaojorge.pt\/en\/agenda\/discovering-castelo-de-sao-jorge-3\/","og_locale":"en_US","og_type":"article","og_title":"Discovering Castelo de S\u00e3o Jorge - Castelo de S\u00e3o Jorge","og_description":"Castelo de S\u00e3o Jorge, standing out in the urban landscape of Lisbon, is where we gather stories of a distant past that document the evolution of the city up to the present day. Throughout this guided tour we talk about several centuries of history and walk through the different spaces of the national monument. Get [&hellip;]","og_url":"https:\/\/castelodesaojorge.pt\/en\/agenda\/discovering-castelo-de-sao-jorge-3\/","og_site_name":"Castelo de S\u00e3o Jorge","article_publisher":"https:\/\/www.facebook.com\/castelodesaojorge","article_modified_time":"2023-02-08T16:16:57+00:00","og_image":[{"width":800,"height":600,"url":"https:\/\/castelodesaojorge.pt\/wp-content\/uploads\/2023\/02\/Dia-nacional-do-Estudante\u00a9Sergiy-Scheblykin.jpg","type":"image\/jpeg"}],"twitter_card":"summary_large_image","schema":{"@context":"https:\/\/schema.org","@graph":[{"@type":"WebPage","@id":"https:\/\/castelodesaojorge.pt\/en\/agenda\/discovering-castelo-de-sao-jorge-3\/","url":"https:\/\/castelodesaojorge.pt\/en\/agenda\/discovering-castelo-de-sao-jorge-3\/","name":"Discovering Castelo de S\u00e3o Jorge - Castelo de S\u00e3o Jorge","isPartOf":{"@id":"https:\/\/castelodesaojorge.pt\/#website"},"primaryImageOfPage":{"@id":"https:\/\/castelodesaojorge.pt\/en\/agenda\/discovering-castelo-de-sao-jorge-3\/#primaryimage"},"image":{"@id":"https:\/\/castelodesaojorge.pt\/en\/agenda\/discovering-castelo-de-sao-jorge-3\/#primaryimage"},"thumbnailUrl":"https:\/\/castelodesaojorge.pt\/wp-content\/uploads\/2023\/02\/Dia-nacional-do-Estudante\u00a9Sergiy-Scheblykin.jpg","datePublished":"2023-02-08T16:13:40+00:00","dateModified":"2023-02-08T16:16:57+00:00","breadcrumb":{"@id":"https:\/\/castelodesaojorge.pt\/en\/agenda\/discovering-castelo-de-sao-jorge-3\/#breadcrumb"},"inLanguage":"en-US","potentialAction":[{"@type":"ReadAction","target":["https:\/\/castelodesaojorge.pt\/en\/agenda\/discovering-castelo-de-sao-jorge-3\/"]}]},{"@type":"ImageObject","inLanguage":"en-US","@id":"https:\/\/castelodesaojorge.pt\/en\/agenda\/discovering-castelo-de-sao-jorge-3\/#primaryimage","url":"https:\/\/castelodesaojorge.pt\/wp-content\/uploads\/2023\/02\/Dia-nacional-do-Estudante\u00a9Sergiy-Scheblykin.jpg","contentUrl":"https:\/\/castelodesaojorge.pt\/wp-content\/uploads\/2023\/02\/Dia-nacional-do-Estudante\u00a9Sergiy-Scheblykin.jpg","width":800,"height":600,"caption":"Descri\u00e7\u00e3o da imagem:"},{"@type":"BreadcrumbList","@id":"https:\/\/castelodesaojorge.pt\/en\/agenda\/discovering-castelo-de-sao-jorge-3\/#breadcrumb","itemListElement":[{"@type":"ListItem","position":1,"name":"In\u00edcio","item":"https:\/\/castelodesaojorge.pt\/"},{"@type":"ListItem","position":2,"name":"Eventos","item":"https:\/\/castelodesaojorge.pt\/agenda\/"},{"@type":"ListItem","position":3,"name":"Discovering Castelo de S\u00e3o Jorge"}]},{"@type":"WebSite","@id":"https:\/\/castelodesaojorge.pt\/#website","url":"https:\/\/castelodesaojorge.pt\/","name":"Castelo de S\u00e3o Jorge","description":"","publisher":{"@id":"https:\/\/castelodesaojorge.pt\/#organization"},"potentialAction":[{"@type":"SearchAction","target":{"@type":"EntryPoint","urlTemplate":"https:\/\/castelodesaojorge.pt\/?s={search_term_string}"},"query-input":{"@type":"PropertyValueSpecification","valueRequired":true,"valueName":"search_term_string"}}],"inLanguage":"en-US"},{"@type":"Organization","@id":"https:\/\/castelodesaojorge.pt\/#organization","name":"Castelo de S\u00e3o Jorge","url":"https:\/\/castelodesaojorge.pt\/","logo":{"@type":"ImageObject","inLanguage":"en-US","@id":"https:\/\/castelodesaojorge.pt\/#\/schema\/logo\/image\/","url":"https:\/\/castelodesaojorge.pt\/wp-content\/uploads\/2022\/07\/brancalogomarca_comp.png","contentUrl":"https:\/\/castelodesaojorge.pt\/wp-content\/uploads\/2022\/07\/brancalogomarca_comp.png","width":295,"height":80,"caption":"Castelo de S\u00e3o Jorge"},"image":{"@id":"https:\/\/castelodesaojorge.pt\/#\/schema\/logo\/image\/"},"sameAs":["https:\/\/www.facebook.com\/castelodesaojorge","https:\/\/www.instagram.com\/castelodesjorge\/"]}]}},"featured_img":"https:\/\/castelodesaojorge.pt\/wp-content\/uploads\/2023\/02\/Dia-nacional-do-Estudante\u00a9Sergiy-Scheblykin.jpg","coauthors":[],"author_meta":{"author_link":"https:\/\/castelodesaojorge.pt\/en\/author\/susana-repolho\/","display_name":"Susana Repolho"},"relative_dates":{"created":"Posted 3 years ago","modified":"Updated 3 years ago"},"absolute_dates":{"created":"Posted on 8 de February, 2023","modified":"Updated on 8 de February, 2023"},"absolute_dates_time":{"created":"Posted on 8 de February, 2023 16:13","modified":"Updated on 8 de February, 2023 16:16"},"featured_img_caption":"","tax_additional":{"post_tag":{"linked":[],"unlinked":[],"slug":"post_tag","name":"Tags"},"mec_category":{"linked":[],"unlinked":[],"slug":"mec_category","name":"Categories"},"mec_label":{"linked":[],"unlinked":[],"slug":"mec_label","name":"Labels"},"mec_location":{"linked":[],"unlinked":[],"slug":"mec_location","name":"Locations"},"mec_organizer":{"linked":[],"unlinked":[],"slug":"mec_organizer","name":"Organizers"}},"series_order":"","_links":{"self":[{"href":"https:\/\/castelodesaojorge.pt\/en\/wp-json\/wp\/v2\/mec-events\/6958","targetHints":{"allow":["GET"]}}],"collection":[{"href":"https:\/\/castelodesaojorge.pt\/en\/wp-json\/wp\/v2\/mec-events"}],"about":[{"href":"https:\/\/castelodesaojorge.pt\/en\/wp-json\/wp\/v2\/types\/mec-events"}],"author":[{"embeddable":true,"href":"https:\/\/castelodesaojorge.pt\/en\/wp-json\/wp\/v2\/users\/2"}],"replies":[{"embeddable":true,"href":"https:\/\/castelodesaojorge.pt\/en\/wp-json\/wp\/v2\/comments?post=6958"}],"wp:featuredmedia":[{"embeddable":true,"href":"https:\/\/castelodesaojorge.pt\/en\/wp-json\/wp\/v2\/media\/6951"}],"wp:attachment":[{"href":"https:\/\/castelodesaojorge.pt\/en\/wp-json\/wp\/v2\/media?parent=6958"}],"wp:term":[{"taxonomy":"post_tag","embeddable":true,"href":"https:\/\/castelodesaojorge.pt\/en\/wp-json\/wp\/v2\/tags?post=6958"},{"taxonomy":"mec_category","embeddable":true,"href":"https:\/\/castelodesaojorge.pt\/en\/wp-json\/wp\/v2\/mec_category?post=6958"}],"curies":[{"name":"wp","href":"https:\/\/api.w.org\/{rel}","templated":true}]}}

Discovering Castelo de São Jorge

<p>Castelo de São Jorge, standing out in the urban landscape of Lisbon, is where we gather stories of a distant past that document the evolution of the city up to the present day. Throughout this guided tour we talk about several centuries of history and walk through the different spaces of the national monument. Get to know the Castle by decoding its spaces and relating them with life in antiquity.</p>
<p><strong>Guided tour</strong><br />
<strong>March 24th – National Students Day – Friday</strong><br />
10.30 am, 2.30 pm | Age 12+ | Length 1h<br />
+ €3,5 per person</p>
<p><strong>Booking required</strong><br />
servicoeducativo@castelodesaojorge.pt (Monday to Friday 9.30 am to 5.30 pm)<br />
+351 218 800 620 (every day)</p>

<p>Castelo de São Jorge, standing out in the urban landscape of Lisbon, is where we gather stories of a distant past that document the evolution of the city up to the present day. Throughout this guided tour we talk about several centuries of history and walk through the different spaces of the national monument. Get [&hellip;]</p>

<!-- This site is optimized with the Yoast SEO plugin v27.5 - https://yoast.com/product/yoast-seo-wordpress/ -->
<title>Discovering Castelo de São Jorge - Castelo de São Jorge</title>
<meta name="robots" content="index, follow, max-snippet:-1, max-image-preview:large, max-video-preview:-1" />
<link rel="canonical" href="https://castelodesaojorge.pt/en/agenda/discovering-castelo-de-sao-jorge-3/" />
<meta property="og:locale" content="en_US" />
<meta property="og:type" content="article" />
<meta property="og:title" content="Discovering Castelo de São Jorge - Castelo de São Jorge" />
<meta property="og:description" content="Castelo de São Jorge, standing out in the urban landscape of Lisbon, is where we gather stories of a distant past that document the evolution of the city up to the present day. Throughout this guided tour we talk about several centuries of history and walk through the different spaces of the national monument. Get [&hellip;]" />
<meta property="og:url" content="https://castelodesaojorge.pt/en/agenda/discovering-castelo-de-sao-jorge-3/" />
<meta property="og:site_name" content="Castelo de São Jorge" />
<meta property="article:publisher" content="https://www.facebook.com/castelodesaojorge" />
<meta property="article:modified_time" content="2023-02-08T16:16:57+00:00" />
<meta property="og:image" content="https://castelodesaojorge.pt/wp-content/uploads/2023/02/Dia-nacional-do-Estudante©Sergiy-Scheblykin.jpg" />
	<meta property="og:image:width" content="800" />
	<meta property="og:image:height" content="600" />
	<meta property="og:image:type" content="image/jpeg" />
<meta name="twitter:card" content="summary_large_image" />
<script type="application/ld+json" class="yoast-schema-graph">{"@context":"https:\/\/schema.org","@graph":[{"@type":"WebPage","@id":"https:\/\/castelodesaojorge.pt\/en\/agenda\/discovering-castelo-de-sao-jorge-3\/","url":"https:\/\/castelodesaojorge.pt\/en\/agenda\/discovering-castelo-de-sao-jorge-3\/","name":"Discovering Castelo de São Jorge - Castelo de São Jorge","isPartOf":{"@id":"https:\/\/castelodesaojorge.pt\/#website"},"primaryImageOfPage":{"@id":"https:\/\/castelodesaojorge.pt\/en\/agenda\/discovering-castelo-de-sao-jorge-3\/#primaryimage"},"image":{"@id":"https:\/\/castelodesaojorge.pt\/en\/agenda\/discovering-castelo-de-sao-jorge-3\/#primaryimage"},"thumbnailUrl":"https:\/\/castelodesaojorge.pt\/wp-content\/uploads\/2023\/02\/Dia-nacional-do-Estudante©Sergiy-Scheblykin.jpg","datePublished":"2023-02-08T16:13:40+00:00","dateModified":"2023-02-08T16:16:57+00:00","breadcrumb":{"@id":"https:\/\/castelodesaojorge.pt\/en\/agenda\/discovering-castelo-de-sao-jorge-3\/#breadcrumb"},"inLanguage":"en-US","potentialAction":[{"@type":"ReadAction","target":["https:\/\/castelodesaojorge.pt\/en\/agenda\/discovering-castelo-de-sao-jorge-3\/"]}]},{"@type":"ImageObject","inLanguage":"en-US","@id":"https:\/\/castelodesaojorge.pt\/en\/agenda\/discovering-castelo-de-sao-jorge-3\/#primaryimage","url":"https:\/\/castelodesaojorge.pt\/wp-content\/uploads\/2023\/02\/Dia-nacional-do-Estudante©Sergiy-Scheblykin.jpg","contentUrl":"https:\/\/castelodesaojorge.pt\/wp-content\/uploads\/2023\/02\/Dia-nacional-do-Estudante©Sergiy-Scheblykin.jpg","width":800,"height":600,"caption":"Descrição da imagem:"},{"@type":"BreadcrumbList","@id":"https:\/\/castelodesaojorge.pt\/en\/agenda\/discovering-castelo-de-sao-jorge-3\/#breadcrumb","itemListElement":[{"@type":"ListItem","position":1,"name":"Início","item":"https:\/\/castelodesaojorge.pt\/"},{"@type":"ListItem","position":2,"name":"Eventos","item":"https:\/\/castelodesaojorge.pt\/agenda\/"},{"@type":"ListItem","position":3,"name":"Discovering Castelo de São Jorge"}]},{"@type":"WebSite","@id":"https:\/\/castelodesaojorge.pt\/#website","url":"https:\/\/castelodesaojorge.pt\/","name":"Castelo de São Jorge","description":"","publisher":{"@id":"https:\/\/castelodesaojorge.pt\/#organization"},"potentialAction":[{"@type":"SearchAction","target":{"@type":"EntryPoint","urlTemplate":"https:\/\/castelodesaojorge.pt\/?s={search_term_string}"},"query-input":{"@type":"PropertyValueSpecification","valueRequired":true,"valueName":"search_term_string"}}],"inLanguage":"en-US"},{"@type":"Organization","@id":"https:\/\/castelodesaojorge.pt\/#organization","name":"Castelo de São Jorge","url":"https:\/\/castelodesaojorge.pt\/","logo":{"@type":"ImageObject","inLanguage":"en-US","@id":"https:\/\/castelodesaojorge.pt\/#\/schema\/logo\/image\/","url":"https:\/\/castelodesaojorge.pt\/wp-content\/uploads\/2022\/07\/brancalogomarca_comp.png","contentUrl":"https:\/\/castelodesaojorge.pt\/wp-content\/uploads\/2022\/07\/brancalogomarca_comp.png","width":295,"height":80,"caption":"Castelo de São Jorge"},"image":{"@id":"https:\/\/castelodesaojorge.pt\/#\/schema\/logo\/image\/"},"sameAs":["https:\/\/www.facebook.com\/castelodesaojorge","https:\/\/www.instagram.com\/castelodesjorge\/"]}]}</script>
<!-- / Yoast SEO plugin. -->

Discovering Castelo de São Jorge - Castelo de São Jorge

Castelo de São Jorge, standing out in the urban landscape of Lisbon, is where we gather stories of a distant past that document the evolution of the city up to the present day. Throughout this guided tour we talk about several centuries of history and walk through the different spaces of the national monument. Get [&hellip;]

Castelo de São Jorge

Descrição da imagem:

Início
